{"id":4,"date":"2015-08-20T16:50:30","date_gmt":"2015-08-20T16:50:30","guid":{"rendered":"http:\/\/127.0.0.1\/raiodesol\/?page_id=4"},"modified":"2015-08-25T14:53:34","modified_gmt":"2015-08-25T14:53:34","slug":"acomodacoes","status":"publish","type":"page","link":"https:\/\/hotelpousadaraiodesol.com.br\/?page_id=4","title":{"rendered":"Acomoda\u00e7\u00f5es"},"content":{"rendered":"<p>aaaaaaa<\/p>\n","protected":false},"excerpt":{"rendered":"<p>Dispomos de v\u00e1rias op\u00e7\u00f5es de quartos com 1,2,3,4 e 6 camas, para atender grupos de empresas e todos com banheiro interno e TV digital.<\/p>\n","protected":false},"author":1,"featured_media":0,"parent":0,"menu_order":0,"comment_status":"open","ping_status":"open","template":"acomodacoes.php","meta":[],"_links":{"self":[{"href":"https:\/\/hotelpousadaraiodesol.com.br\/index.php?rest_route=\/wp\/v2\/pages\/4"}],"collection":[{"href":"https:\/\/hotelpousadaraiodesol.com.br\/index.php?rest_route=\/wp\/v2\/pages"}],"about":[{"href":"https:\/\/hotelpousadaraiodesol.com.br\/index.php?rest_route=\/wp\/v2\/types\/page"}],"author":[{"embeddable":true,"href":"https:\/\/hotelpousadaraiodesol.com.br\/index.php?rest_route=\/wp\/v2\/users\/1"}],"replies":[{"embeddable":true,"href":"https:\/\/hotelpousadaraiodesol.com.br\/index.php?rest_route=%2Fwp%2Fv2%2Fcomments&post=4"}],"version-history":[{"count":4,"href":"https:\/\/hotelpousadaraiodesol.com.br\/index.php?rest_route=\/wp\/v2\/pages\/4\/revisions"}],"predecessor-version":[{"id":52,"href":"https:\/\/hotelpousadaraiodesol.com.br\/index.php?rest_route=\/wp\/v2\/pages\/4\/revisions\/52"}],"wp:attachment":[{"href":"https:\/\/hotelpousadaraiodesol.com.br\/index.php?rest_route=%2Fwp%2Fv2%2Fmedia&parent=4"}],"curies":[{"name":"wp","href":"https:\/\/api.w.org\/{rel}","templated":true}]}}